) be the first derivative of -n**3/3 - 5*n**2 + 7*n - 1. Suppose 2*u + 28 = 2*v, -u - 5*v + 6 + 4 = 0. What are the prime factors of b(u)?
7
Let o(a) = -4*a + 10 - 14 + 2*a. Let y be o(-2). Suppose -2*p + y*p = -68. What are the prime factors of p?
2, 17
Suppose -8*o + 3248 = -o. Suppose 6*d - 472 = o. List the prime factors of d.
2, 3, 13
Let p = 137 - 97. What are the prime factors of (-1390)/p*1*-4?
139
What are the prime factors of (-7)/(-28)*4*750?
2, 3, 5
Suppose -3*v + 4662 = 4*r, 2*v + 1160 = -7*r + 8*r. List the prime factors of r.
2, 3, 97
Suppose -5*y + 20 = 0, 0 = l - 4*y - y + 17. List the prime factors of (7986/(-4))/(-11) + l/(-2).
2, 3, 5
Let s(f) = f**3 + 6*f**2 - 8*f - 6. Let x(n) = -n**3 + n**2. Let w(l) = -s(l) - 2*x(l). List the prime factors of w(8).
2, 5, 7
Suppose 0*k - 5*k - 2*i = -1137, -i = 2*k - 454. List the prime factors of k.
229
Let o be (-22 - -8)/(0 + -1). Let f = o + -12. List the prime factors of (-5)/f*112/(-20).
2, 7
Let o = 1 + 8. Suppose -3*f + 0*i + 97 = 2*i, -f + i + 34 = 0. List the prime factors of f/(1*o/6).
2, 11
Suppose -2*u + 12 = -4*z - 10, 42 = 5*u + 3*z. Let t = 12 - u. Suppose 4*w - 2 = -t*l + 50, 20 = -4*w. What are the prime factors of l?
2, 3
Suppose 7*t - 3*y = 3*t + 735, -t - 2*y = -170. Suppose -5*w = t - 1045. What are the prime factors of w?
173
Suppose 2*u = 40 + 28. Let v = u + 10. What are the prime factors of v?
2, 11
Suppose -31005 - 12395 = -50*n. List the prime factors of n.
2, 7, 31
Let t be 935/15 - 1/3. Suppose -3*a + a = -t. List the prime factors of a - 6*(-3)/6.
2, 17
Let k(m) = m**3 - 9*m + 5. Let o be k(2). Let u(c) be the third derivative of -c**4/24 + c**3/6 + c**2. What are the prime factors of u(o)?
2, 3
Let u = -251 - -469. Let o = 439 - u. What are the prime factors of o?
13, 17
Suppose 12*f + 298 = 14*f. List the prime factors of f.
149
Let h(j) = 2*j**2 - 10*j + 6. Let m be h(6). Suppose 0 = 6*u - 138 - m. List the prime factors of u.
2, 13
Suppose 12*q = 8*q + 160. Let v = -13 + q. What are the prime factors of v/(-45) - (-476)/10?
47
Let u(y) be the first derivative of y**4/4 + 7*y**3/3 - 4*y**2 + 30*y - 25. List the prime factors of u(-8).
2, 3, 5
List the prime factors of 108837/36 - 2*(-1)/(-8).
3023
Suppose 20*a - 33330 - 16030 = 0. List the prime factors of a.
2, 617
Let f(d) = -197*d - 1. Let u be f(-1). Let k = u - -40. What are the prime factors of k?
2, 59
Suppose 10816 = -504*d + 512*d. List the prime factors of d.
2, 13
Let v = 31 + -44. Let p = -10 - v. What are the prime factors of p*((-3 - -5) + 1)?
3
Let m(s) = -2*s**3 - s**2 + 6*s + 2. Let u(x) = x**3 - 3. Let n be u(0). List the prime factors of m(n).
29
Let t(r) = 428*r - 12. Let x be t(-3). List the prime factors of ((-12)/20 - x/10)/1.
3, 43
Let z = -21 + 31. Let w = 12 - z. Suppose -w*i = -22 - 0. What are the prime factors of i?
11
What are the prime factors of 3*(6 - (4 - 87))?
3, 89
Suppose -2*a - 24 = -3*i + 3*a, -3*i - a = -6. Suppose i*h = 11 + 7. What are the prime factors of 0 + 3 + h + 11?
2, 5
Suppose 105 = 6*p - 135. What are the prime factors of p?
2, 5
Let s = -35 + 8. Let t = s - 89. Let x = t - -164. What are the prime factors of x?
2, 3
Let n = 28 + -28. Suppose -b = 1, 5*r = -n*b - 3*b + 182. What are the prime factors of r?
37
Let i(c) = -c**3 - 2*c**2 + c - 2. Let g = 35 + -38. Let n be i(g). Suppose 103 + 141 = n*f + 4*l, -5*f + 289 = l. List the prime factors of f.
3, 19
List the prime factors of (7 + -1086 - 5)*1/(-2).
2, 271
Suppose -15*x = -13492 + 1927. List the prime factors of x.
3, 257
Let d be (3 - 3)*(-3)/6. Suppose -a = -y - 24 - 271, y = d. What are the prime factors of a?
5, 59
Let j be -121 + (-6 - (-2 - 0)). Let g = j + 235. What are the prime factors of g?
2, 5, 11
Suppose 3*s - u - 680 = 707, -u = -s + 465. List the prime factors of s.
461
Suppose -4*r = 4*c - 5900, -5903 = -4*r + 469*c - 474*c. What are the prime factors of r?
2, 23
Let i(h) = -18 - 12*h + 22*h + 9 + 20*h. What are the prime factors of i(3)?
3
Suppose -2*x + 20 = 5*c - 14, -5*c = -4*x - 52. Suppose 2*i + c*i - 380 = 0. List the prime factors of i.
2, 19
Suppose 0 = 4*q - 2214 - 922. Suppose q = -11*z + 15*z. List the prime factors of z.
2, 7
Let i = 152 - 124. Let s = -40 + 125. Suppose -i = 3*y - s. What are the prime factors of y?
19
Let v(m) = -m**2 + 7*m - 1. Let w be v(3). Let i = -2 + w. Suppose 2*f - 45 - i = 0. What are the prime factors of f?
3
Suppose 0 = -24*v + 26713 + 9119. What are the prime factors of v?
1493
Let a = -5 - -29. Suppose 0 = -5*q + a + 11. Let u(o) = o**2 - 7*o + 6. What are the prime factors of u(q)?
2, 3
Let j(w) = 4*w**2 + 15*w + 18. Let u(m) = 5*m**2 + 15*m + 17. Let v(n) = 4*j(n) - 3*u(n). List the prime factors of v(-16).
37
Suppose 0 = -4*m + 5*m + 4*a - 15, a = -2*m + 9. Suppose 4*x - 267 = -5*y - 34, 2*y = -m*x + 96. List the prime factors of y.
3, 5
Suppose n + 1 = -4*k + 4*n, 5 = -2*k + 3*n. Suppose l - k*h = 69, 3*l + h + h = 223. List the prime factors of l.
73
Let h = -784 + 1128. Suppose 4*p = 332 + h. What are the prime factors of p?
13
Suppose -4*c - 485 = -5357. What are the prime factors of c?
2, 3, 7, 29
Let m be (-12)/(-78) - (-100)/26. Suppose 2*z + 4 = 4*z, -192 = -4*h + m*z. Suppose 4*q + h = 5*q. What are the prime factors of q?
2, 5
Suppose 0*k = -k + 3. Let i(n) = 5*n**3 + 7*n**2 - 6*n - 1. Let p(s) = 6*s**3 + 6*s**2 - 7*s - 2. Let g(l) = k*p(l) - 4*i(l). List the prime factors of g(-6).
2, 13
Let q(c) = -c. Let m be q(-2). Suppose 4*k + 3*d = k + 246, -m*d = -k + 82. List the prime factors of k.
2, 41
List the prime factors of 4204/6*(85/10 + -7).
1051
Let o(z) = -3*z**2 + 2*z + 629. List the prime factors of o(0).
17, 37
Let b be 8/(-36) + (-670)/(-18). Let x = 76 - b. What are the prime factors of x?
3, 13
Let y = -81 - -136. Let c = -35 + y. What are the prime factors of c?
2, 5
Let p be -3*16/(-12)*1. What are the prime factors of (p + (-88)/28)/(3/315)?
2, 3, 5
Let b(k) = -179*k**3 + k**2 - 2*k - 2. What are the prime factors of b(-1)?
2, 3, 5
Let d = 8658 - 5896. List the prime factors of d.
2, 1381
What are the prime factors of ((-1)/(-3))/((-7)/(-7602))?
2, 181
Let n be ((-214)/4)/((-1)/(-4)*-2). Let i = -10 + n. List the prime factors of i.
97
Let z(p) = 9*p**2 + 3*p + 3. Let r(h) = 6*h + 5. Let d be r(0). List the prime factors of z(d).
3
Suppose -3*r - 44 = -4*a, -19 - 3 = -a - 2*r. List the prime factors of (-26)/(-7) - (-4)/a.
2
Suppose -w - 875 = -f - 5*w, -3*w + 3474 = 4*f. What are the prime factors of f?
3, 17
Let o = 869 - 289. What are the prime factors of o?
2, 5, 29
Let p(w) = w**3 + 19*w**2 + 11*w + 33. Let d be p(-16). Let x = -413 + d. List the prime factors of x.
2, 53
Suppose -24*x + 27*x - 510 = 0. List the prime factors of x.
2, 5, 17
Let s(x) = -x**3 + 7*x**2 + 11*x - 4. Let p = 10 - 3. What are the prime factors of s(p)?
73
Let r(u) = 30*u**2 + 11*u - 100. List the prime factors of r(8).
2, 3, 53
Let t(h) = -369*h**3 + h**2. List the prime factors of t(-1).
2, 5, 37
Let c = 187 + -111. Suppose 8 = 2*g - c. What are the prime factors of g?
2, 3, 7
Let g(c) = c**3 - 19*c**2 + 5*c - 19. Suppose 0 = -17*z + 25*z - 152. List the prime factors of g(z).
2, 19
Let h(q) = -q**3 - 2*q**2 - 2*q + 1. Let y be h(-2). Suppose -p - y*p = -312. List the prime factors of p.
2, 13
Suppose 2*h = 0, -122 = 2*f - 4*f - 5*h. What are the prime factors of (-3)/(-6)*(-4)/1 + f?
59
Let i(u) = 2*u**3 - 29*u**2 - 25*u - 1. Let n be i(15). Let j = n + 212. What are the prime factors of j?
61
Let l(v) = -10*v**2 + 5*v**3 - 6*v**3 - 6*v - 7 + 4*v**2 - v**3. Let b be l(-5). Suppose 5*y = 2*n - 51, 4*n - y = 2*y + b. List the prime factors of n.
3, 11
Suppose 4*z - 2255 = 5*c, -c - 548 = -z - 5*c. What are the prime factors of z?
2, 5, 7
Suppose -3*t + 396 = -t. Let g = -129 + t. List the prime factors of g.
3, 23
Let o(c) = c**2 - 10*c - 50. Let f be o(19). Let v = 336 - f. List the prime factors of v.
5, 43
Let z be ((-18)/4)/(92/88 - 1). Let y = 155 + z. List the prime factors of y.
2, 7
Let h = 15 + -5. Suppose 4*x = 5*c + h, 5*x - 3*x - 2*c = 6. Suppose 105 = x*r - 2*r. List the prime factors of r.
5, 7
Suppose r = 5*a - 4717, 402 + 533 = a - 3*r. List the prime factors of a.
2, 59
What are the prime factors of (-1587)/46